*2 - 5*f + 6. What is the units digit of d(w)?
0
Suppose 0*c - 23 = -3*m + c, 4*c + 29 = 3*m. Let y(s) = -s**2 + 12*s - 19. Let h be y(8). Let q = h - m. What is the units digit of q?
6
Suppose -2*a = -4*r + 2*a + 424, -448 = -4*r - 4*a. What is the units digit of r?
9
Suppose 0 = -4*a + 2*a - 14. What is the units digit of ((-1)/(-2))/(a/(-252))?
8
Suppose 5*k + 0*k - 25 = 0. Suppose -4*r - 5 = -17. Let f = k - r. What is the units digit of f?
2
Suppose 3*f - 2 = 7. Suppose -o - 4*m = -3*o + 4, -f*m = 5*o - 23. What is the units digit of 6/o*6/9?
1
Let i be 3/(-2)*(-268)/6. Let f = i - 32. What is the tens digit of f?
3
Let v(y) = 6*y**2 + 2*y - 6. What is the hundreds digit of v(5)?
1
Suppose -r = -5*r. What is the tens digit of (17*1)/(1 - r)?
1
Suppose -2*w + 0*w - 32 = 0. Let z = w - -22. What is the units digit of z?
6
Let p be 4/((-16)/(-6))*14. What is the units digit of p + (1 + 0 - 5)?
7
What is the hundreds digit of (-9348)/(-41) + (-1)/(1/3)?
2
Let n(y) = -y**3 + 2*y**2 + 3*y. Let c be n(3). Let u = c - -1. Suppose 2*k = 1 + u. What is the units digit of k?
1
Suppose u + 0 = 2. Suppose -2*m + 35 = b, 2*b - u = 4*m - 60. What is the units digit of m?
6
Suppose 4*b - 204 = -4*t, 2*b + 42 = 2*t - 72. What is the tens digit of t?
5
Let i = 133 + -11. What is the hundreds digit of i?
1
Suppose 13 = k + 11. What is the units digit of k?
2
Let r = 514 - 282. What is the tens digit of r?
3
What is the tens digit of (-5)/2*(-372)/30?
3
Suppose 3*p = -1 + 16. Let w(r) = 4 - p + 0 - 5*r - 2. What is the units digit of w(-3)?
2
Suppose 0*y - 3*y + 66 = 0. Let t = y - 4. What is the tens digit of t?
1
Suppose 20 = -3*f - 4*s + 2*s, 2*f + 45 = 5*s. Suppose -n - 2*n = 24. What is the units digit of (-20)/(-2)*n/f?
8
Suppose 5*j = -17 + 2. Let q(i) = -4*i**3 - 9*i**2 + 5*i. Let m(k) = 5*k**3 + 10*k**2 - 6*k - 1. Let a(n) = j*m(n) - 4*q(n). What is the tens digit of a(-6)?
1
Let m be (-1)/1*(-8 - -22). What is the units digit of 1180/35 + (-4)/m?
4
Let x = -59 - -123. What is the tens digit of x?
6
Let v = 64 + -31. What is the units digit of v?
3
Let q = 84 + -11. What is the units digit of q?
3
Suppose 11 = 3*b - 19. Suppose 4*v + 2 = b. What is the units digit of v?
2
Let p(f) = -6*f - 19. What is the tens digit of p(-9)?
3
Let h(q) = 2*q**2 - 13*q - 1. What is the units digit of h(10)?
9
Let i(c) = -c**3 - 4*c**2 + 5*c - 1. What is the units digit of i(-6)?
1
Let w(n) = n**3 - 11*n**2 - 15*n - 14. Let x be w(13). Suppose 44 = -5*d - 5*p + x, -2*d = 3*p - 31. What is the units digit of d?
0
Let y = -17 + 27. Let n = y - 7. What is the units digit of n?
3
What is the units digit of (142/(-2))/((-4)/(-12))*-1?
3
Let j = 11 - -36. What is the units digit of j?
7
What is the units digit of 316 - (-7 + 5 + 1)?
7
Suppose 85*r - 136 = 84*r. What is the tens digit of r?
3
Let h(j) = -j**2 - 5*j. Let f be h(-4). Suppose -5*r = -25, f*g - 3 = 2*r + 3. What is the units digit of g?
4
Suppose -2*q + 3 = -5. Suppose 7 = q*c - 13. Suppose -5*z + 20 = c. What is the units digit of z?
3
Let b = -48 - -76. Let a = b - 15. What is the units digit of a?
3
Let b be 0/((3 - 0) + -1). Suppose 0 = -l + 1, b*n - n - l - 5 = 0. What is the units digit of (n/5)/(4/(-10))?
3
Let s be (-32)/(-20) - (-4)/10. Let f be 3*(3 - s - 0). Suppose 2*d + 5*k - 53 = -d, -f*d + 4*k + 17 = 0. What is the units digit of d?
1
Let u = 24 + 2. Let k = u + -14. What is the units digit of k?
2
Suppose -5*y = -61 - 89. What is the units digit of y?
0
Suppose 4*g + g = 55. What is the units digit of g?
1
Let t(j) = 10*j + 13. Let a be t(-4). Let h = a + 71. What is the tens digit of h?
4
Suppose -26 = 4*g - 54. What is the units digit of g?
7
Let s(w) = w**2 - w - 6. What is the units digit of s(-4)?
4
Let t(u) = -u. Let a be t(-1). Let r be (2 - 4) + a + -44. What is the units digit of 6/9*r/(-6)?
5
Let a(b) = b**2 - 3*b - 1. Let l be a(4). Suppose 0 = -s - z + 11, -l*z - z = -4*s + 4. Let f = -2 + s. What is the units digit of f?
4
Let r(j) = -j**3 - 5*j**2 + 3*j - 6. What is the tens digit of r(-6)?
1
Let g(p) = 2*p**2 + 4*p - 7. Let i be g(-7). Suppose -i = -3*a - 12. What is the units digit of a?
7
Let q(l) = l + 6*l + 2 - 3*l - 3*l. Let s = 2 + -2. What is the units digit of q(s)?
2
Let t be 3*-2*1/(-2). Suppose -t*i - 4 = -5*i - 5*r, -4*r - 2 = -i. What is the units digit of 160/24 + i/(-3)?
6
Let i(q) = 42*q - 4. What is the tens digit of i(1)?
3
Suppose 6*s - 10 = s. Suppose -s*y + 56 = -0*y. What is the units digit of y?
8
Suppose -2*g = -5*g - 33. Let j be (-6)/(-12)*(1 + g). What is the units digit of 2/j + (-259)/(-35)?
7
Let a(r) = -37*r + 1. Let w be a(1). What is the tens digit of w/84 - (-276)/7?
3
Suppose p = -2*r + 11 + 13, -5*p + 45 = -5*r. What is the units digit of p?
4
Suppose -3*k + 49 = -35. Suppose k = -0*r + 2*r. Let a = -10 + r. What is the units digit of a?
4
What is the units digit of -14*(6 + -4)/(-4)?
7
Let w(i) = i**2. Let d(j) = 2*j**2 + j. Let v(k) = 3*d(k) - 5*w(k). What is the tens digit of v(-5)?
1
Let g(r) = r**3 + 5*r**2 + 4*r + 3. Let l be g(-4). Suppose -4*x - 4*p = -56, 0 = -4*x - l*p + 88 - 31. What is the tens digit of x?
1
Suppose -5*r - 10 = 0, 0 = 3*v + 5*r - 2 - 3. Suppose v*u - 5 = 0, 2*u = d - 25 - 24. What is the tens digit of d?
5
Suppose -1221 = -7*x - 4*x. What is the tens digit of x?
1
Suppose -127 + 29 = -2*p. What is the units digit of p?
9
Suppose -3*o + 204 = 2*p - 5*o, 2*p - 220 = -2*o. What is the units digit of p?
6
Suppose -h = -j + 45, -j + 35 = 2*h - 1. Suppose 3*a - 12 = j. Suppose -4*t + 7*t - 34 = 5*q, a = 2*t - q. What is the units digit of t?
8
Let n = -7 - 3. Let q = 4 - n. What is the tens digit of q?
1
Suppose 4*o - 504 = -2*g + 5*g, 504 = 4*o + 3*g. What is the tens digit of o?
2
Let o(s) be the first derivative of -s**4/4 + 2*s**3/3 + 3*s**2/2 + 2*s + 1. What is the units digit of o(3)?
2
Let s = 0 + 25. Suppose 4*v - 5*v + s = 0. What is the units digit of v?
5
Suppose -4*q - b = -23 - 60, -37 = -2*q - 5*b. Let v = 25 - q. What is the units digit of v?
4
Let c(j) = 2*j**3 - 6*j**2 + 1. Let k be c(4). Suppose 2*n - 6 = 0, 0 = y + y - 5*n - k. What is the tens digit of y?
2
Let m(g) = -g**3 + 9*g**2 - 7*g - 8. Let c be m(8). Let t be 1 - (-3 + (c - -2)). Suppose 0 = 5*l + 15, -t*l - 22 = -4*x - 0*l. What is the units digit of x?
4
Suppose 36 + 19 = 5*d. Let z(m) = -m**3 + 11*m**2 + 13. Let c be z(d). What is the units digit of 141/13 - (-2)/c?
1
Let g(t) = -t**2 - 4*t - 1. What is the units digit of g(-3)?
2
Suppose 0 = -5*q + 395 + 125. What is the tens digit of (q/(-12))/((-6)/9)?
1
Let p be 2/7 - (-80)/14. Suppose -p = -4*z + 2. Suppose -2*h + 0*h = -z*a - 4, 0 = -5*h - 2*a + 31. What is the units digit of h?
5
What is the units digit of (-170)/(-8) - 3/12?
1
Let j = -74 + 126. What is the units digit of (j/8)/((-2)/(-4))?
3
What is the tens digit of 900/42 - 3/7?
2
Let s be ((-12)/(-10))/((-18)/60). Let f = s - -4. Suppose f = k - 3*k + 8. What is the units digit of k?
4
Suppose b + 2*n - 9 = 0, -2 - 4 = -b - 5*n. What is the units digit of b?
1
Suppose 3*m = 4*v + 19, 4*v = -m + v + 15. Suppose b - m = -0*b. What is the units digit of b?
9
Let j(o) = 3*o - o**2 + 2*o**2 + 3*o. What is the tens digit of j(-8)?
1
Let j(g) = -5*g - 1. Let x be j(-2). What is the units digit of (-3)/x*-3*1?
1
Suppose -2*g + g + 174 = -2*q, 12 = 4*q. What is the units digit of g?
0
Suppose 5*q - 3*t - 149 = 0, -q + 2*q - t = 31. What is the tens digit of q?
2
Suppose 3*m + 269 - 92 = 0. Let j = -27 - m. What is the tens digit of j?
3
Let f(q) = -3*q**2 + q + 2. Let z be f(2). Let j = 16 + z. Suppose -4*g + 52 = 4*w + j, -3*g + 12 = 0. What is the units digit of w?
7
Let b = 4 - -4. Let l(s) = s**3 - 3*s**2 - 5*s + 7. Let p be l(4). Let g = b + p. What is the tens digit of g?
1
Suppose 0 = -t + 5, 3*f = 5*f + 4*t - 20. Suppose -3*y = -f*y + s - 83, 4*y = 2*s + 114. What is the tens digit of y?
2
Let j(m) = m**2 - 1. Let s = 6 + -4. Let z be j(s). Let i = z + -2. What is the units digit of i?
1
Let o(q) = 2*q + 12. Let u be o(-7). Let a(p) be the first derivative of -p**2/2 - p + 1. What is the units digit of a(u)?
1
Let z(r) = 2*r**3 + 18*r**2 + 27*r - 15. Let p(f) = -f**3 - 9*f**2 - 14*f + 8. Let a(o) = -7*p(o) - 4*z(o). What is th